alculate the greatest common divisor of 684 and 893.
19
Calculate the greatest common factor of 2120 and 160.
40
What is the greatest common divisor of 35 and 448?
7
Calculate the greatest common factor of 7 and 497.
7
Calculate the greatest common factor of 136 and 104.
8
What is the greatest common factor of 377 and 221?
13
What is the greatest common divisor of 187 and 272?
17
Calculate the highest common factor of 9972 and 24.
12
Calculate the highest common factor of 1794 and 552.
138
Calculate the highest common factor of 10608 and 416.
208
Calculate the greatest common factor of 13 and 208.
13
Calculate the greatest common divisor of 12 and 268.
4
What is the highest common divisor of 80 and 810?
10
What is the highest common factor of 396 and 180?
36
What is the greatest common factor of 8897 and 93?
31
What is the greatest common factor of 1 and 19?
1
What is the highest common factor of 579 and 5404?
193
Calculate the highest common factor of 6 and 72.
6
What is the highest common divisor of 780 and 702?
78
What is the highest common factor of 237 and 3?
3
What is the highest common factor of 1842 and 24?
6
What is the greatest common divisor of 35 and 1022?
7
Calculate the highest common divisor of 11666 and 38.
38
Calculate the greatest common divisor of 17 and 272.
17
What is the highest common divisor of 989 and 43?
43
What is the highest common divisor of 1624 and 11136?
232
Calculate the greatest common divisor of 294 and 56.
14
What is the greatest common divisor of 38 and 16?
2
Calculate the highest common divisor of 63 and 693.
63
Calculate the greatest common divisor of 94208 and 368.
368
What is the greatest common factor of 32 and 848?
16
What is the highest common divisor of 67 and 737?
67
Calculate the highest common divisor of 28 and 91.
7
Calculate the greatest common factor of 30 and 1530.
30
What is the highest common factor of 1064 and 931?
133
Calculate the highest common factor of 301 and 1247.
43
Calculate the greatest common divisor of 194 and 16.
2
What is the highest common divisor of 176 and 2232?
8
What is the greatest common divisor of 20405 and 11?
11
What is the greatest common divisor of 55 and 616?
11
What is the greatest common divisor of 448 and 42?
14
Calculate the greatest common divisor of 1112 and 296.
8
What is the highest common factor of 360 and 14355?
45
Calculate the highest common factor of 9 and 411.
3
Calculate the greatest common factor of 2612 and 4.
4
Calculate the highest common factor of 164 and 3854.
82
What is the highest common factor of 83 and 13280?
83
What is the greatest common divisor of 66 and 330?
66
Calculate the greatest common divisor of 41 and 18.
1
What is the highest common divisor of 30 and 110?
10
What is the highest common factor of 24 and 186?
6
Calculate the highest common divisor of 490 and 322.
14
Calculate the highest common factor of 161 and 1.
1
Calculate the highest common divisor of 43 and 172.
43
Calculate the highest common factor of 324 and 405.
81
Calculate the highest common divisor of 330 and 3894.
66
Calculate the highest common divisor of 8400 and 96.
48
Calculate the greatest common divisor of 2378 and 464.
58
What is the highest common divisor of 11 and 82511?
11
Calculate the highest common factor of 6 and 328.
2
Calculate the highest common factor of 288 and 378.
18
What is the greatest common factor of 1672 and 608?
152
What is the highest common divisor of 21 and 24?
3
What is the highest common factor of 108 and 1494?
18
What is the greatest common factor of 990 and 7150?
110
What is the highest common factor of 999 and 108?
27
Calculate the highest common divisor of 12 and 762.
6
What is the highest common factor of 44 and 28270?
22
Calculate the highest common factor of 35 and 280.
35
Calculate the highest common factor of 21 and 1029.
21
Calculate the highest common divisor of 84 and 600.
12
What is the highest common factor of 28 and 756?
28
Calculate the highest common factor of 493 and 580.
29
What is the highest common factor of 234 and 481?
13
Calculate the greatest common factor of 50 and 1630.
10
Calculate the highest common factor of 68 and 436.
4
Calculate the highest common factor of 8608 and 8.
8
What is the greatest common factor of 80 and 100?
20
What is the greatest common divisor of 132 and 1254?
66
Calculate the greatest common divisor of 133 and 2109.
19
What is the greatest common divisor of 16909 and 37?
37
Calculate the highest common divisor of 18 and 10.
2
What is the highest common factor of 3430 and 560?
70
What is the greatest common factor of 280 and 712?
8
Calculate the highest common divisor of 24 and 8.
8
Calculate the greatest common divisor of 110 and 99.
11
What is the highest common divisor of 125 and 700?
25
What is the highest common factor of 5928 and 3496?
152
Calculate the highest common factor of 100 and 360.
20
What is the greatest common factor of 16 and 10336?
16
What is the greatest common factor of 78 and 1599?
39
What is the greatest common divisor of 128 and 4?
4
Calculate the greatest common divisor of 816 and 1683.
51
Calculate the greatest common divisor of 350 and 14.
14
What is the greatest common divisor of 1034 and 22?
22
Calculate the highest common factor of 1 and 11.
1
What is the greatest common divisor of 16 and 592?
16
Calculate the highest common divisor of 123 and 48.
3
What is the greatest common factor of 224 and 128?
32
Calculate the greatest common divisor of 639 and 15123.
213
Calculate the greatest common divisor of 28 and 896.
28
Calculate the greatest common divisor of 12 and 12528.
12
Calculate the greatest common factor of 189 and 24759.
189
Calculate the highest common divisor of 96 and 312.
24
What is the highest common divisor of 52 and 182?
26
Calculate the greatest common factor of 50 and 80.
10
What is the highest common divisor of 56 and 216?
8
Calculate the greatest common divisor of 87 and 285.
3
Calculate the highest common factor of 14 and 322.
14
What is the greatest common factor of 32 and 40?
8
What is the highest common divisor of 238 and 204?
34
What is the highest common divisor of 7 and 154?
7
Calculate the greatest common divisor of 72 and 16.
8
Calculate the highest common divisor of 66 and 6.
6
What is the highest common divisor of 583 and 53?
53
What is the highest common factor of 104 and 704?
8
Calculate the highest common factor of 81 and 6534.
27
What is the highest common divisor of 18036 and 167?
167
What is the highest common divisor of 37 and 185?
37
Calculate the highest common divisor of 13 and 7.
1
What is the highest common divisor of 20 and 30?
10
Calculate the greatest common factor of 90 and 6750.
90
What is the highest common factor of 194 and 2231?
97
What is the highest common factor of 3312 and 192?
48
What is the greatest common factor of 440 and 20?
20
Calculate the highest common divisor of 1541 and 23.
23
Calculate the greatest common factor of 24 and 42780.
12
What is the highest common divisor of 65 and 169?
13
Calculate the highest common divisor of 5 and 710.
5
Calculate the greatest common divisor of 4108 and 182.
26
What is the highest common factor of 230 and 92?
46
Calculate the greatest common divisor of 21 and 399.
21
What is the greatest common divisor of 35 and 112?
7
Calculate the highest common factor of 46 and 3519.
23
What is the greatest common divisor of 396 and 54?
18
What is the greatest common factor of 1710 and 950?
190
What is the highest common factor of 99 and 11?
11
Calculate the greatest common divisor of 71 and 213.
71
What is the highest common divisor of 120 and 150?
30
What is the greatest common factor of 3741 and 87?
87
What is the highest common divisor of 1800 and 72?
72
Calculate the highest common divisor of 14141 and 79.
79
Calculate the highest common divisor of 3264 and 36.
12
What is the highest common divisor of 2 and 86?
2
What is the highest common factor of 91 and 26?
13
Calculate the greatest common divisor of 2544 and 96.
48
Calculate the highest common factor of 4 and 244.
4
Calculate the greatest common factor of 11 and 187.
11
Calculate the highest common factor of 32 and 896.
32
What is the greatest common divisor of 66 and 2079?
33
What is the greatest common factor of